t z be x/7 + 6/o. What is the greatest common divisor of 2 and z?
1
Suppose 0 = 2*h + 154 + 30. Let f = 146 + h. Calculate the greatest common divisor of 6 and f.
6
Let x be 641/4 + (-5)/20. Let b(f) = -f**3 - 11*f**2 - 2*f + 18. Let u be b(-11). Calculate the highest common divisor of x and u.
40
Let f be 1/(-8)*-262 + 24/(-32). What is the greatest common divisor of f and 24?
8
Suppose 0 = -0*d - 2*d. Let z be 264*(27/12 + d). Let w be (2/4)/(3/z). Calculate the highest common factor of 9 and w.
9
Let h = 64 - 9. Suppose m = 6*m - h. Suppose -3*o = 7*u - 4*u - 48, -u - 39 = -4*o. Calculate the highest common divisor of m and o.
11
Let b be (72/(-24))/((-4)/(-8)*-1). What is the greatest common divisor of b and 303?
3
Let u(d) = 2*d**2 - 6*d - 16. Let v be u(-4). What is the greatest common factor of v and 420?
20
Let s be (-72)/(21 - 13) + 63. What is the highest common divisor of 1206 and s?
18
Suppose -37*b + 1834 + 688 - 117 = 0. Suppose 6*p = p + w + 128, w = p - 24. Calculate the highest common divisor of p and b.
13
Suppose 0 = -3*h - 485 + 1685. Calculate the highest common divisor of h and 10.
10
Suppose 0 = -2*o + 2, -39 - 14 = -3*z + o. Calculate the greatest common divisor of 6 and z.
6
Suppose 0*t = -3*t - 2*b + 2038, -656 = -t + 4*b. What is the highest common divisor of 52 and t?
52
Let l(b) = b**3 - 13*b**2 - 10*b - 49. Let t be l(16). Calculate the highest common divisor of t and 26.
13
Let n(j) = -j**3 - 2*j**2 - j + 1. Let a be n(-1). Let q be -7 - -3 - -3*a. Let s = q + 10. What is the highest common factor of s and 18?
9
Let m(r) = -r**3 + 4*r**2 - 2*r + 1. Let f be m(3). Suppose -20 = 4*g, -f*g + 3 = -2*i + 31. What is the greatest common factor of 6 and i?
2
Let w = 7 - -11. Let i be (-747)/(-81) - 4/w. Calculate the greatest common divisor of 45 and i.
9
Suppose -5*d - 3*w = -8 - 147, -5*w = -25. What is the greatest common divisor of d and 350?
14
Let r be 6/2 + -21 + 14 + 76. What is the greatest common divisor of 18 and r?
18
Suppose -2*b = 2*b - 364. Suppose -2*l = -5*p + 89, 0*p + 2*p = -5*l + 53. Suppose -p = 7*h - 110. Calculate the highest common factor of b and h.
13
Let z = 866 + -353. Let y be z/45 + 5/((-50)/4). What is the greatest common factor of y and 33?
11
Let a = 117 - 108. Calculate the highest common factor of a and 27.
9
Let l(r) = r**3 + 3*r**2 - 3*r - 4. Let s be l(-1). What is the highest common factor of s and 32?
1
Let w(c) be the second derivative of c**4 - c**3/6 + c**2/2 + 4*c. Let y be w(1). Let n be (15/y)/((-1)/(-16)). Calculate the highest common factor of n and 5.
5
Let w(v) = -4*v - 7. Let d(a) = -1. Let k(j) = 6*d(j) + w(j). Let b be k(-9). Suppose 0*g - 3*g + 621 = 0. Calculate the greatest common divisor of g and b.
23
Let i be (-30)/(7/((-189)/6)). Suppose -6*b = -5*b + i. Let s be 2 - b - (0 + 1). What is the greatest common factor of 17 and s?
17
Let u(s) = -s + 11. Let v be u(6). Suppose 2*h + 1 = -v, 2*h + 16 = 5*z. Calculate the highest common divisor of z and 14.
2
Let c = -852 + 1014. What is the greatest common factor of c and 567?
81
Suppose 189 - 9 = 12*b. What is the highest common divisor of 900 and b?
15
Let o(u) = -9*u**2 - 38*u + 7. Let y be o(-4). What is the greatest common divisor of y and 185?
5
Suppose 0 = 4*a + 4*a - 544. What is the greatest common factor of 136 and a?
68
Let h(i) = 2*i - 15. Let o be h(-5). Let p = o - -30. Suppose 64 = p*k + 9. What is the greatest common factor of k and 99?
11
Suppose 4*f = d - 4, 5*d - 34 = -f + 28. Let n(w) = 12*w**2 + 16*w + 32. Let a be n(-2). Calculate the greatest common divisor of d and a.
12
Let s(x) = 2*x**3 - 6*x**2 + x - 1. Let r be s(5). Let z(n) = 6 + 25*n**3 + 3*n + 12 - 20. Let u be z(1). What is the greatest common factor of r and u?
26
Let u be -112 + ((-3)/(-6))/((-5)/10). Let j = 117 + u. What is the highest common factor of j and 44?
4
Let f(p) = -14*p - 54. Let b be f(-4). What is the greatest common factor of b and 8?
2
Suppose 0 = -3*k + o + 12 - 41, 65 = -5*k + 5*o. Let n be 79 - 12/(-4)*k/6. What is the greatest common divisor of 25 and n?
25
Let t = -2164 - -2620. What is the greatest common factor of t and 285?
57
Let m = 402 - 117. Suppose 0 = -14*y + 11*y + m. Calculate the greatest common factor of y and 19.
19
Let i(o) = -o**2 - 8*o - 21. Let l be i(-8). Let n be (-17)/2*-7*(-72)/l. Calculate the highest common divisor of n and 12.
12
Let m be -3*((-14)/6 - 2). Suppose -16*n = -m*n - 435. What is the greatest common divisor of n and 29?
29
Let v(q) = -11*q - 1. Let p be v(-2). Let w be p/4 - 42/(-56). Calculate the highest common factor of 6 and w.
6
Let v(a) = 508*a + 28. Let o be v(3). What is the highest common factor of o and 16?
16
Let a be 16/(-3)*9/(-6). Let f = a - 0. Suppose f*m = 3*m + 35. Calculate the highest common factor of m and 14.
7
Suppose -35*y + 420 = -25*y. Calculate the greatest common divisor of 147 and y.
21
Suppose 0 = 4*k + 5*d - 341, 0 = -2*k - 2*d - 50 + 220. Calculate the highest common divisor of 12 and k.
12
Let m = -16 + 65. Suppose -3*l - 19 = -m. Calculate the greatest common divisor of 160 and l.
10
Let c(d) = 1 + 9*d**2 + 5 - d + 3*d - 4. Let j be c(-1). Let u = 32 - j. What is the highest common divisor of 92 and u?
23
Suppose -2*g = -m - 28, 0 = -4*g + m - 7 + 61. What is the highest common factor of g and 26?
13
Suppose 2406 - 514 = 4*l. Calculate the highest common factor of l and 11.
11
Let o(w) = -w**3 - w**2 + 3*w - 4. Let c be o(-3). What is the highest common factor of c and 35?
5
Suppose -b + 5*u + 2 = 0, u - 7 + 15 = 4*b. Calculate the highest common divisor of 470 and b.
2
Suppose 0 = -0*w - w + 2*p + 6, 5*w = 2*p + 14. Suppose w = 5*i - 4*i. Suppose -30 = -i*h - 0*h. What is the highest common factor of 6 and h?
3
Let y(o) = -2*o + 5*o + 3*o + 1 - 5. Let r be y(10). What is the greatest common divisor of 7 and r?
7
Suppose 0*q - 2*q = -2*h + 2408, -4*q = 4*h - 4784. What is the greatest common divisor of h and 12?
12
Let m be (13 + -1)*(-1)/1. Let k(w) = 5 + 7 + w**2 + 13*w + 2 + 2. Let i be k(m). What is the highest common divisor of 4 and i?
4
Let c = -24 + 259. Calculate the highest common factor of 94 and c.
47
Suppose -413 = 16*x - 1181. Suppose -4*n = -q + 16, 5*q - 8*q = -3*n - 84. What is the greatest common factor of q and x?
16
Suppose 5*y + 2*s + s - 2877 = 0, 1724 = 3*y + 4*s. What is the highest common factor of 18 and y?
18
Suppose r = -3*z + 1003, -3*r = 2*r + 4*z - 5048. What is the highest common factor of 184 and r?
92
Suppose -2*x - 21*h + 16*h = -113, x - 56 = -2*h. Suppose 42 = 5*c - 3*s, -5*s - 4 = 16. Calculate the highest common divisor of x and c.
6
Let a = 75 - 36. Calculate the greatest common factor of 91 and a.
13
Suppose -2*b = -7*b + 700. Suppose 0*n + 2*n - b = 0. What is the greatest common divisor of n and 14?
14
Let b = 455 + -447. Calculate the greatest common divisor of b and 10.
2
Suppose 238 = s - 0*s. Calculate the highest common factor of s and 7.
7
Suppose k - 3*r = -5, -7*k = -3*k + r - 19. Let o = -178 - -182. What is the highest common divisor of k and o?
4
Let q(l) = l**3 - 22*l + 58. Let a be q(7). What is the greatest common divisor of a and 19?
19
Suppose 0 = -28*p + 9755 + 9509. Calculate the greatest common factor of p and 215.
43
Let n be (534/(-8))/((-39)/104). Suppose -5*i + o - n = 0, -6*o + o - 160 = 5*i. Let z = -31 - i. What is the highest common divisor of z and 44?
4
Let w be (-2)/(-4) - 1/(-2). Suppose 4 = 5*x - w. Let i be x - (-2 + 1 + -3). What is the highest common divisor of i and 5?
5
Suppose 210 = 7*b - b. Let f = b - 31. Suppose 0 = -g + 15 + 17. What is the greatest common divisor of f and g?
4
Let q(r) be the third derivative of -r**6/120 - 2*r**5/15 - 5*r**4/24 + 8*r**2. Let v be q(-7). Let o = v - -23. What is the greatest common factor of o and 63?
9
Suppose 2 = 3*i + 5, 4*i = -2*u + 2516. Suppose 2*d = 9*d - u. Calculate the highest common factor of d and 18.
18
Suppose 2*s - 69 = -1. Suppose 2*z + z = -4*g + s, 0 = 3*z + 2*g - 44. Suppose -3 + 15 = 2*l. Calculate the greatest common factor of l and z.
6
Let k = 45 + -24. Let o be (-2*78/16)/(24/(-128)). Let b = o + -45. Calculate the greatest common factor of k and b.
7
Suppose -4*p + 413 = -247. What is the great